Determine q(-7).
-30
Let h(d) = 5774*d - 409936. Determine h(71).
18
Let r(c) = -72*c**2 + 29*c - 48. What is r(-5)?
-1993
Let q(w) = 580*w - 50493. Calculate q(88).
547
Let w(p) = 3*p**2 - 15884*p - 143024. Determine w(-9).
175
Let n(h) = h**3 - 37*h**2 + 178*h + 445. What is n(33)?
1963
Let u(g) = 6*g**2 + 494*g + 2483. What is u(-5)?
163
Let v(l) = 2*l**2 - 828*l + 17222. What is v(22)?
-26
Let g(j) = -3*j**2 - 103*j + 6. Determine g(-36).
-174
Let w(n) = -66*n**2 + 2000*n - 616. Give w(30).
-16
Let c(g) = 880*g + 13903. Calculate c(-16).
-177
Let n(y) = -12*y**2 - 107*y - 238. What is n(-4)?
-2
Let v(r) = -4*r**3 + 26*r**2 - 37*r + 48. Calculate v(5).
13
Let c(h) = -82000*h - 492006. What is c(-6)?
-6
Let o(p) = 2*p**3 - 1115*p**2 - 5031*p - 15387. Determine o(562).
-213
Let d(r) = 12013*r + 504442. Calculate d(-42).
-104
Let g(n) = 257*n + 12297. Give g(-48).
-39
Let a(d) = 1015*d - 831. Determine a(1).
184
Let v(o) = 6*o**2 + 5827*o + 69872. Determine v(-12).
812
Let u(m) = 3*m**3 + 591*m**2 - 1197*m - 28. Determine u(-199).
569
Let c(f) = -8*f**2 - 476*f - 6181. Give c(-39).
215
Let o(u) = 28*u**3 + 2*u**2 + 156*u + 155. What is o(-1)?
-27
Let v(c) = -3199*c - 22396. What is v(-7)?
-3
Let s(y) = 2*y**2 + 15275*y + 6871205. Determine s(-480).
5
Let q(d) = -5743*d + 815521. Determine q(142).
15
Let j(x) = 13*x**2 + 53*x + 108. Calculate j(15).
3828
Let c(m) = -7547*m + 377338. Determine c(50).
-12
Let g(v) = -v**3 + 76*v**2 - 599*v - 242. Give g(67).
26
Let r(x) = -x**3 + 113*x**2 - 289*x - 4514. Determine r(110).
-4
Let m(f) = f**2 + 643*f - 60964. Give m(84).
104
Let f(g) = -307*g + 50816. Give f(164).
468
Let i(u) = u**2 + 347*u - 8392. Determine i(23).
118
Let p(y) = -y**3 + 19*y**2 - 212*y + 2519. Determine p(13).
777
Let l(y) = -y**2 - 263*y + 1855. Determine l(7).
-35
Let m(b) = 492*b + 5157. Calculate m(-10).
237
Let c(m) = 8550*m - 42704. What is c(5)?
46
Let f(h) = 726*h + 17458. Determine f(-24).
34
Let k(q) = -37*q - 3720. Determine k(-67).
-1241
Let g(f) = f**2 - 167*f + 5396. What is g(111)?
-820
Let a(v) = -v**2 - 103*v - 1264. Determine a(-86).
198
Let m(u) = -u**3 + 107*u**2 - 2093*u - 321. Calculate m(26).
17
Let j(t) = 10854*t - 21205. Determine j(2).
503
Let o(f) = f**3 - 585*f**2 - 3521*f - 15038. Calculate o(591).
-263
Let p(t) = 16559*t + 81643. Calculate p(-5).
-1152
Let t(d) = -d**3 + 444*d**2 + 121*d + 145037. Calculate t(445).
857
Let z(d) = d**3 - 94*d**2 + 690*d - 531. What is z(86)?
-359
Let r(s) = 222*s + 12415. Give r(-51).
1093
Let k(b) = b**3 + 26*b**2 - 35*b - 1444. Give k(-25).
56
Let v(m) = 331*m - 505. Give v(-1).
-836
Let a(h) = 2*h**3 - 49*h**2 + 240*h + 49. Give a(11).
-578
Let j(b) = -2*b**2 + 1139*b - 37417. What is j(35)?
-2
Let r(w) = 3561*w**2 + 1178689*w - 685. What is r(-331)?
-23
Let t(d) = -d**3 + 72*d**2 - 1278*d + 150. What is t(30)?
-390
Let f(c) = 961*c + 320917. Calculate f(-334).
-57
Let b(f) = 2*f**2 + 26662*f - 1956973. Determine b(73).
11
Let v(n) = -2915*n - 17558. Give v(-6).
-68
Let m(n) = 10587*n + 20736. What is m(-2)?
-438
Let x(t) = -19*t**2 - 125*t + 526. Give x(4).
-278
Let l(k) = -k**3 - 143*k**2 - 2692*k - 362076. What is l(-142)?
24
Let m(o) = -42555*o - 127712. Determine m(-3).
-47
Let k(g) = 45*g**2 - 2661*g - 20350. Calculate k(66).
44
Let b(q) = q**2 + 1249*q - 741043. Give b(439).
-11
Let m(h) = -6*h**3 - 80*h**2 - 473*h - 5655. Give m(-13).
156
Let w(x) = -9*x**2 - 1227*x - 30715. What is w(-33)?
-25
Let w(r) = -10*r**3 - 87*r**2 - 2*r + 11. Calculate w(-7).
-808
Let x(z) = -z**3 + 560*z**2 - 13311*z - 34234. What is x(535)?
6
Let x(d) = -2*d**3 - 303*d**2 - 5717*d - 4940. Give x(-21).
16
Let j(o) = -o**3 + 69*o**2 - 1593*o + 116406. Determine j(70).
-4
Let c(a) = -a**3 + 68*a**2 + 62*a - 118. Calculate c(69).
-601
Let f(x) = -26236*x - 340651. Determine f(-13).
417
Let b(m) = 7306*m - 664842. Calculate b(91).
4
Let t(l) = -l**3 - 118*l**2 + 18*l + 15992. Give t(-117).
197
Let f(j) = -23788*j + 570925. Calculate f(24).
13
Let g(w) = -502*w + 21066. Determine g(39).
1488
Let q(i) = -1477*i - 7350. Calculate q(-5).
35
Let x(b) = -617*b**2 + 5782*b - 2172. What is x(9)?
-111
Let x(c) = c**3 + 34*c**2 - 130*c - 1597. Determine x(-36).
491
Let k(m) = -2*m**2 - 95*m + 696. Determine k(5).
171
Let t(k) = 37083*k - 2113733. Give t(57).
-2
Let k(m) = m**3 - 54*m**2 + 207*m + 101. Determine k(50).
451
Let j(m) = 21*m**2 + 2197*m - 5343. Give j(-107).
7
Let f(q) = 138*q**3 + 3*q**2 - 4229*q - 4232. Determine f(-1).
-138
Let s(v) = 5*v**2 + 188*v - 1544. Determine s(8).
280
Let j(n) = -n**3 - 50*n**2 - 1050*n - 29992. What is j(-42)?
-4
Let f(l) = -5*l**2 - 37449*l + 487681. Give f(13).
-1
Let s(q) = 5998*q + 54021. Determine s(-9).
39
Let n(c) = c**3 + 147*c**2 + 427*c - 807. Calculate n(-144).
-87
Let d(s) = -s**3 + 384*s**2 - 278*s - 185654. Calculate d(382).
-2
Let b(y) = y**3 + 25*y**2 - 171*y + 14. Calculate b(7).
385
Let q(m) = 1509*m - 19546. Determine q(13).
71
Let u(v) = -66*v + 3935. Calculate u(57).
173
Let j(z) = -z**3 + 22*z**2 - 44*z + 122. What is j(18)?
626
Let j(g) = 1408*g + 112678. Calculate j(-80).
38
Let p(n) = -113*n + 4551. What is p(47)?
-760
Let i(x) = 847*x - 399670. Determine i(473).
961
Let o(t) = -2099*t - 20906. Give o(-10).
84
Let w(g) = g**3 + 6*g**2 - 2194*g - 15310. Give w(-7).
-1
Let z(l) = 7*l**2 - 1239*l - 1325. Give z(178).
-79
Let r(m) = 10268*m + 61592. Determine r(-6).
-16
Let v(p) = -p**3 - 254*p**2 - 293*p - 10107. Determine v(-253).
13
Let h(b) = b**3 - 151*b**2 - 952*b + 1862. Calculate h(157).
292
Let a(y) = -37*y**2 + 2845*y + 114. What is a(77)?
-194
Let j(p) = -890*p - 11465. Calculate j(-13).
105
Let g(t) = 3*t**3 + 5773*t**2 + 11579*t + 53. Give g(-2).
-37
Let r(n) = -137*n - 4239. What is r(-31)?
8
Let n(u) = -u**2 - 1301*u + 28993. What is n(22)?
-113
Let c(r) = 2*r**3 - 1089*r**2 + 16909*r + 40. Give c(16).
-8
Let a(d) = -27*d**3 - 42*d**2 - 112*d - 206. Calculate a(-3).
481
Let h(u) = -u**3 - 76*u**2 + 172*u + 1073. Give h(-78).
-175
Let r(c) = 209*c - 47009. Give r(224).
-193
Let o(q) = -3*q**3 - 66*q**2 - 37*q - 211. Calculate o(-22).
603
Let a(g) = g**3 + 120*g**2 + 675*g - 120. Determine a(-114).
906
Let u(m) = 1859*m - 239902. Calculate u(129).
-91
Let y(z) = -2*z**3 - 1353*z**2 - 625*z + 34486. What is y(-676)?
10
Let z(t) = -11254*t**2 - 101269*t + 157. Determine z(-9).
4
Let j(a) = 246*a + 5644. Calculate j(-22).
232
Let f(d) = d**3 + 27*d**2 + 354*d + 29303. What is f(-38)?
-33
Let f(d) = 1363*d + 201866. Calculate f(-148).
142
Let d(z) = z**3 - 86*z**2 + 3032*z - 250474. Calculate d(85).
21
Let n(u) = 4*u**3 - 30*u**2 - 28100*u + 224675. Calculate n(8).
3
Let v(s) = 1603*s + 96164. What is v(-60)?
-16
Let c(l) = -3*l**2 + 327*l - 6363. Give c(26).
111
Let p(z) = -4*z**2 + 74*z + 777. What is p(-9)?
-213
Let q(z) = -5846*z - 3373139. What is q(-577)?
3
Let f(i) = -i**3 - 35*i**2 + 399*i + 269. Calculate f(-44).
137
Let n(v) = -2*v**3 + 19*v**2 + 73*v - 781. Give n(15).
-2161
Let l(x) = -2848*x + 16540. Determine l(6).
-548
Let l(p) = -3282*p - 472717. What is l(-144)?
-109
Let k(t) = 220*t - 21306. Give k(97).
34
Let n(s) = 4613*s - 1914344. Give n(415).
51
Let n(b) = -2*b**2 + 1678*b + 10067. Determine n(-6).
-73
Let a(m) = m**2 + 7045*m - 21146. Give a(3).
-2
Let z(n) = 782*n - 62561. Determine z(80).
-1
Let y(r) = 204*r**2 + 5102*r - 12. Determine y(-25).
-62
Let a(i) = -303*i + 22694. Give a(74).
272
Let r(c) = 15*c + 1231. Calculate r(-82).
1
Let p(f) = 2*f**3 + 8*f**2 + 49*f + 317. Give p(-5).
22
Let z(p) = -p**3 + p**2 + 156*p - 456. Calculate z(3).
-6
Let m(l) = -l**3 + 262*l**2 + 265*l + 69390. What is m(264)?
-42
Let y(h) = 535848*h + 2143643. Determine y(-4).
251
Let z(i) = i**3 - 17*i**2 - 263*i + 4507. Calculate z(20).
447
Let t(y) = y**3 + 230*y**2 - 947*y - 2678. What is t(-234)?
-104
Let i(t) = -54*t - 296. Determine i(0).
-296
Let d(q) = -774*q - 6700. Calculate d(-11).
1814
Let l(p) = -3*p**2 - 31667*p - 7. Determine l(0).
-7
Let p(i) = -972*i**2 + 34984*i + 294. Calculate p(36).
6
Let a(n) = 1374*n - 15668. Determine a(10).
-1928
Let k(g) = 29*g**2 + 530*g - 355. Determine k(-19).
44
Let d(s) = -148*s + 4159. Determine d(24).
607
Let o(c) = -27*c**2 - 9156*c + 8159. Give o(-340).
-1
Let 